 of 363 and f.
33
Let h be 10*(-14)/28 - (-24)/2. Suppose -3*a + 230 = -s, 5*s - 8 = -3. What is the greatest common factor of a and h?
7
Suppose t = h - 0*t - 4, -4*t = h + 6. Suppose -h*s - o = -5, s - 3*s + 4*o = 10. Let l be 20 + s/(3 - 2). What is the highest common factor of l and 7?
7
Let q be (-3)/(9/(-444))*1. Suppose -3*m - 25 = -4*m + 3*b, 4*m - 152 = -b. Calculate the greatest common factor of q and m.
37
Let l(w) = w - 1. Let b(v) = 22*v - 6. Let s(c) = -b(c) + 5*l(c). Let y be s(-1). Calculate the greatest common factor of 9 and y.
9
Let s be 3/9 + (-74)/(-3). Let o be (0 - -5)*(-8 + 15). Suppose g - 65 - o = 0. Calculate the highest common factor of s and g.
25
Suppose -5*q - 41 = d - 16, -4*q - 2*d = 26. Let s be q/10 + 6/15. Let p(c) = -c + 8. Let o be p(s). What is the greatest common factor of o and 64?
8
Let s(x) = 3*x**2 - x + 2. Let h be s(4). What is the highest common factor of 2 and h?
2
Let p be 1416/28 - (-28)/(-49). Calculate the highest common factor of 80 and p.
10
Let y be 24/18 - 86/(-3). Let k be ((-1)/(-2))/(155/y - 5). Calculate the highest common factor of k and 12.
3
Let x(h) be the second derivative of 25*h**3/6 + 12*h**2 + 4*h. Let p be x(-6). Let g = -54 - p. What is the greatest common divisor of g and 24?
24
Let y be 28 + (-78)/(-33) + 12/(-33). Let v be 16*(-2 + 10/4). Let a be (9/4)/(3/v). Calculate the greatest common factor of y and a.
6
Let h(u) = 16*u**2 - 4*u**2 - u**3 + 22 - 11*u**2 - u. Let d be h(0). Calculate the highest common factor of 154 and d.
22
Suppose p - 31 = -3*l - l, 0 = -4*l - 3*p + 37. Calculate the greatest common factor of l and 14.
7
Let k(n) = -3*n**2 + 6*n - 11*n - 39 - 7*n + 4*n**2. Let w be k(16). Suppose 2*r + 1 = -4*t + 19, w = 3*r + 4*t. What is the highest common factor of r and 77?
7
Suppose -3*l - 24*m + 20*m = -220, -2*l - m + 140 = 0. What is the highest common divisor of l and 680?
68
Suppose 22 = 3*a - 38. Let i = 59 + 41. Calculate the highest common divisor of i and a.
20
Let x = -35 - 1. Let r = 49 + x. What is the highest common factor of 104 and r?
13
Let z be -12*(-132)/18 + 4. Calculate the highest common factor of z and 207.
23
Let l be 63/(-84) + (-1830)/(-8). Let y = 283 - l. Suppose 2*t - 16 = -o + 3*o, -3*t + 39 = 2*o. What is the highest common factor of t and y?
11
Suppose -41*j = -4110 - 1138. Let k be 3/2 + (-375)/(-6). Suppose b + b = k. Calculate the greatest common factor of j and b.
32
Let o(u) = u**3 - 14*u**2 + 16*u + 6. Let i be o(13). Let k be 15/(-3)*(-3)/5. Suppose 20 = k*c - 25. Calculate the highest common factor of i and c.
15
Let q(a) = a**3 + 8*a**2 - 9*a + 2. Let d be q(-9). Let x be d/9 + (-394)/(-9). What is the greatest common divisor of x and 11?
11
Suppose -2*d = 3*f - 2507, 4*d + 3*f = 1134 + 3877. Calculate the greatest common factor of d and 4.
4
Suppose 12 = 2*u - 4*d, -26 = 4*u - 7*u + 4*d. Calculate the highest common divisor of 231 and u.
7
Let y = 107 - 89. What is the greatest common divisor of 144 and y?
18
Suppose 3*c + 15 = 0, 0*m + 3*c + 9 = 3*m. Let r be 1*((74 - m) + -1). What is the greatest common divisor of 30 and r?
15
Suppose 3*q = 2*u + 10, 4 + 24 = 4*q + u. Suppose v + 8 = 2*k, -4*k - k - 4*v - q = 0. What is the highest common factor of 3 and k?
1
Suppose -3 = b, -4*b + 2*b + 172 = 2*y. What is the greatest common divisor of y and 1?
1
Let k(u) = -32*u + 23. Let n be k(-15). Suppose -3*m + 253 = z, -2*z + n = 4*m - m. Calculate the greatest common factor of z and 25.
25
Let g = -2111 + 4671. Calculate the highest common divisor of 20 and g.
20
Let u be (8/(-7) - 0)/((-6)/21). Let n(t) = t**3 - 3*t**2 - 4*t - 2. Let r be n(5). What is the highest common divisor of u and r?
4
Let u be (60/14)/((-25)/28 + 1). What is the highest common factor of u and 48?
8
Let c(g) = 9*g - 149. Let r be c(17). Suppose 4*f + 10 = -f, 4*a - 2*f - 76 = 0. What is the highest common divisor of r and a?
2
Suppose w = -5*z, 3*w - 5*w - 10 = 0. Let t = -15 - -3. Let o = 23 + t. Calculate the greatest common divisor of z and o.
1
Suppose 5*r - 4 = r. Let z(m) = -m**3 + 12*m**2 - 10*m - 10. Let o be z(11). Let d be (-15)/30*(9*-1 + o). What is the highest common divisor of r and d?
1
Suppose 957 = -5*i - 543. Let s be (i/(-8) - 0)*(-8)/(-6). What is the highest common factor of s and 10?
10
Let f = -49 - -65. Let o = 14 + f. Calculate the highest common divisor of 10 and o.
10
Suppose -16*p = -15*p - 1. Let o be ((-62)/2)/(5 - 5 - p). What is the highest common divisor of 31 and o?
31
Let z = 98 - -12. Suppose -18*a = 27 - 207. Calculate the greatest common divisor of z and a.
10
Let y(n) = n**2 + 7*n - 9. Let c be y(-8). Let i be ((-556)/16)/c - (-2)/8. Calculate the greatest common factor of 140 and i.
35
Suppose 828 = 8*x - 196. What is the greatest common divisor of x and 432?
16
Let k(o) be the third derivative of o**5/60 - o**4/24 - 7*o**3/6 - o**2. Let g = 1 + -4. Let l be k(g). Calculate the highest common divisor of 20 and l.
5
Suppose 0 = -11*b + 9*b + 4. Calculate the greatest common divisor of b and 11.
1
Let f = -236 - -556. Calculate the greatest common factor of f and 440.
40
Let y be (9 - (-29 + 7))*(-6)/(-2). Calculate the greatest common divisor of y and 31.
31
Let d = -2783 - -2915. Calculate the greatest common divisor of 374 and d.
22
Suppose -5*l + 4*i + 339 = 0, -l + 51 + 11 = 5*i. Let v = 37 + l. What is the greatest common factor of 13 and v?
13
Let a(q) = -88*q**3 - q**2 + q + 2. Suppose 22*o = 18*o - 4. Let r be a(o). What is the highest common divisor of 8 and r?
8
Let f be (6 - 4)/2 + -1 + 3. Suppose 3*j - 33 = -5*u, -f*j + 4*u + 10 = 4. What is the greatest common divisor of 4 and j?
2
Let f(a) = a + 5. Let l be f(0). Suppose -l*v - 1 = -41. What is the greatest common factor of v and 32?
8
Let r be 5*(2/5)/1. Suppose 18 + 8 = 13*a. Suppose -a*u - r = 0, -m + 142 = 3*m + 2*u. What is the highest common factor of m and 4?
4
Let j(g) = -3*g + 12. Let f be j(-9). Suppose -3*v + 252 = -f. Suppose 0 = -2*i + 3*w + v, -3*w + w + 214 = 5*i. What is the highest common divisor of 22 and i?
22
Suppose 3*u + 6 = 0, -3*h + 0*h - 3*u + 3 = 0. Suppose -51 + h = -8*y. Suppose y*b + 2*b - 64 = 0. Calculate the highest common factor of b and 1.
1
Suppose -5*f + 3*f + 5*y = -45, -2*f + 35 = -3*y. Suppose -2*o = -f*o + 48. Calculate the highest common divisor of 9 and o.
3
Let b = 242 + -142. Suppose -6 - 14 = -4*q. Suppose -3*z + 4*m = -40 - 12, -2*z - q*m + 50 = 0. Calculate the greatest common divisor of b and z.
20
Suppose 0 = 3*p - 2*q + 28, -4*p + 0*p - 2*q = 28. Let j be 468/p*(1 - 5). Suppose -j = -4*h - 34. What is the highest common divisor of 10 and h?
10
Let s = 58 - 31. Let u(g) = 74*g**2 + 3 - 2 + 0. Let i be u(-2). Calculate the highest common factor of s and i.
27
Let x(t) = 42*t - 28. Let j be x(5). Calculate the greatest common factor of j and 26.
26
Suppose -16 = -d - 3*d. Suppose -5*k = d*b + 105, -k = b + b + 15. Let u = k - -79. What is the greatest common factor of 6 and u?
6
Let n(t) = 2*t**2 + 4. Suppose 68 = 7*r - 23. Let p be n(r). What is the greatest common factor of 38 and p?
38
Let c = -294 + 322. Calculate the highest common divisor of 140 and c.
28
Suppose 7*n + 2*l - 30 = 2*n, -4*l = 5*n - 30. Suppose 3*x - 180 = -n*x. Calculate the highest common factor of 100 and x.
20
Let y(f) = 4*f**2 + 14*f + 16. Let c be (7/(-14))/(1/(1*16)). Let q be y(c). What is the highest common divisor of 16 and q?
16
Let f = -24 - -36. Suppose x - f = -7. Suppose 0 = x*r - 52 - 8. What is the greatest common factor of r and 132?
12
Let i be -33*((-2)/(-3))/(-1). Suppose 5*q - 5*v = 15, 4*v + 7 + 5 = -3*q. Suppose q*m - 5*m + 1210 = 0. Calculate the greatest common divisor of i and m.
22
Let o = 54 - 52. Suppose -o*r + 18 + 10 = 0. What is the highest common divisor of 1 and r?
1
Let v = 33 - 29. Suppose -5*p + 32 = -3*g, 0*g + 2*g = -v*p + 8. Suppose p*o = 35 + 133. What is the highest common divisor of o and 14?
14
Let c = 615 - 579. What is the highest common divisor of c and 1728?
36
Suppose -3*v + 11 = -1. Suppose 0 = 2*r - 4*r + v*a - 8, 2*r - 7 = a. Suppose 2*l + 0*l = r. Calculate the highest common factor of 15 and l.
3
Let a(v) be the first derivative of -v**4/4 - 13*v**3/3 + 7*v**2 + 19*v + 8